ppose -4*v + 9 = -g. What are the prime factors of v?
2, 5
Let y(b) = -16 - 113*b - 108*b + 215*b. Let g(p) = -3*p**2 + 3*p - 2. Let t be g(2). List the prime factors of y(t).
2
Suppose 3*h - 3*b - 846 = 0, 2*h = 3*b - 8*b + 550. Suppose -h = 6*x - 1642. List the prime factors of x.
227
Suppose -9*q = -10257 - 8922. List the prime factors of q.
2131
Suppose -23*h + 1396 = -21*h. What are the prime factors of h?
2, 349
Suppose 0 = -5*o + 11 + 59. Let a = 148 - 152. What are the prime factors of (-888)/(-28) - a/o?
2
Let o = -37 + 84. Let w be -1*(-4)/26 - (-34911)/(-1053). Let q = w + o. List the prime factors of q.
2, 7
What are the prime factors of (1754 + 0)/((-158)/(-316))?
2, 877
Let f(t) = -4*t**2 + 2*t - 6. Let b(n) = 3*n**2 - n + 5. Let r(j) = 3*b(j) + 2*f(j). Let h be r(0). What are the prime factors of h/(-18)*2*-102?
2, 17
Let f(j) = j**3 + 22*j**2 - 28*j - 1. What are the prime factors of f(-13)?
2, 3, 157
Let d(i) = -i**3 - 34*i**2 + 20*i**2 + 2 + 11*i - 2. What are the prime factors of d(-15)?
2, 3, 5
Let u be (4 + 0/(-1))*11. Suppose u = 3*h - 166. What are the prime factors of h?
2, 5, 7
Let z be (4 + -10)*1/(-2). Suppose -y + z*s - 62 = -2*s, 242 = -3*y + s. Let f = y - -115. List the prime factors of f.
3, 11
Let b be -10 - -1 - 1 - 1. Let x(a) = -4*a - 13 - 1 + 11. What are the prime factors of x(b)?
41
Let p be (0 - (-28)/(-8))*2. Let r(g) be the second derivative of -g**4/12 - 3*g**3/2 - 9*g**2/2 - 16*g. What are the prime factors of r(p)?
5
Let r(k) = 2*k**2 - k - 2. Suppose -8 - 4 = 2*d. Let u(j) = -j - 3. Let m be u(d). List the prime factors of r(m).
13
Let p = 15959 + -10707. What are the prime factors of p?
2, 13, 101
Let r(z) = -14*z**2 - 29*z + 32. Let t(p) = -5*p**2 - 10*p + 11. Let x(w) = 6*r(w) - 17*t(w). Let o be x(6). Let h = o + -9. What are the prime factors of h?
2
Let a = 0 + 4. Suppose -a*h + 2*l - 43 - 7 = 0, -h - 11 = -2*l. Let f = h + 45. List the prime factors of f.
2
List the prime factors of 1545*((-228)/(-20) - 11).
2, 3, 103
Let t = 339 - -4093. List the prime factors of t.
2, 277
Suppose 5*x - 7 - 3 = 0. Suppose y + y - 159 = -n, 0 = -2*y - x*n + 156. What are the prime factors of y?
3
Let m be ((-10)/(-4))/(2/12). Let o = -68 + 73. Suppose -4*x + 0*x = h - 20, -m = -h - o*x. What are the prime factors of h?
2, 5
List the prime factors of 6/(26/10205*30/8).
2, 157
Suppose 9 = 5*f + 2*z, 4*f + z = -0*z + 6. Suppose -5*i = -f + 31. List the prime factors of 3/i*(-65 - -1).
2
Let m(l) be the third derivative of 7*l**6/60 - l**4/6 - l**3/6 - l**2. List the prime factors of m(2).
103
Suppose -211 = -4*m + 73. Let b = m + -13. What are the prime factors of b?
2, 29
Let w(y) = 19*y - 6. Let x(j) = 1. Let u(s) = w(s) + 2*x(s). Let i be u(6). Suppose -k = 4*k - i. List the prime factors of k.
2, 11
Let k = 8 + -8. Suppose 0 = -3*h - 15, 4*h + k*h = -5*b + 5. Suppose s - 4*q - 17 = -0*s, s - b*q - 17 = 0. List the prime factors of s.
17
What are the prime factors of ((-144)/(-5))/1*(-28 + 63)?
2, 3, 7
Let t be (166 - 1)/(-3 + 4). Suppose -3*i + t = -3*c, -4*c - 164 + 2 = -3*i. List the prime factors of i.
2, 29
Suppose 6*l = 4*l + 184. Suppose -x + 5*r = -39, -2*x + l = 2*r + 2*r. What are the prime factors of x?
2, 11
List the prime factors of ((-493)/116)/(2/(-88)).
11, 17
What are the prime factors of (-2)/3 - ((-1833)/9 + 7)?
2, 7
List the prime factors of (11 - (-28260)/12) + 7.
3, 7, 113
Suppose -4*t - 14 = z + 3, -4*t = -z + 23. Suppose -z*k - 19 = -310. List the prime factors of k.
97
Let z be -2 + (2 - 165/(-5)). Let n = z + -18. List the prime factors of n.
3, 5
Let w be (14/(-8) - -1)/(1/16). Let l(k) = k**3 + 13*k**2 + 5*k - 1. List the prime factors of l(w).
83
Let p = 2464 + -1286. What are the prime factors of p?
2, 19, 31
Suppose -5*h - 56 - 44 = 0. Let n be h/(-50) - (-26)/10. List the prime factors of (n - 10/6)*33.
2, 11
Let s(u) = 5*u**3 - 22*u**2 + 23*u - 13. List the prime factors of s(9).
11, 17
Let v(a) = a**2 + 1. Suppose 2*s + 2 = -8. What are the prime factors of v(s)?
2, 13
Suppose 5*k = -t + 2*t + 84, -3*k + t = -50. Let b = 17 - k. Suppose 2*a + 3 - 33 = b. What are the prime factors of a?
3, 5
Suppose -6*c = -482 - 2344. What are the prime factors of c?
3, 157
Let a(x) = 118*x**2 - 237 - 10*x + 82*x**2 + 248. What are the prime factors of a(1)?
3, 67
Let m(f) = 45*f**2 - 10*f + 15. What are the prime factors of m(4)?
5, 139
Let k(y) = -y**3 - y**2 + y + 1. Let w(q) = -2*q**3 - 10*q**2 + 10*q + 1. Let m(h) = 3*k(h) - w(h). Let o be m(6). Let g = o + 19. List the prime factors of g.
3, 5
Suppose 5*l + d - 181 = 0, l - 41 = -d + 2*d. Suppose -w = 3*w - 12. Suppose -5*q + 111 = 4*t - 16, l = t + w*q. List the prime factors of t.
2, 7
Suppose -9*o - 8 = -71. Suppose -3*b - 248 = -o*b - 4*s, 5*s = 0. List the prime factors of b.
2, 31
Let b = 6360 - 4495. What are the prime factors of b?
5, 373
Suppose -3*r = -26 - 19. Suppose 5*c - r = 115. List the prime factors of c.
2, 13
Suppose 0 = 220*j - 229*j + 18009. What are the prime factors of j?
3, 23, 29
Let j = 548 - 532. List the prime factors of j.
2
Suppose -z = -4*z + 18. Suppose 0 = -10*p + z*p. Suppose p*x = -3*x + 69. List the prime factors of x.
23
Suppose 7*c - 27 = -2*c. What are the prime factors of 6/9 - (-109)/c?
37
Suppose 0 = -p - 5*b + 13, -7*p + b = -2*p - 13. Suppose p*x = 126 + 75. List the prime factors of x.
67
Suppose -r + 5718 - 2196 = 5*w, 0 = 4*w + 5*r - 2805. What are the prime factors of w?
3, 5, 47
Suppose -20305 = -36*m + 30563. List the prime factors of m.
3, 157
Let x(z) = -13*z**2 - 27*z + 1. Let p(d) = 3*d**2 + 7*d. Let j(v) = 9*p(v) + 2*x(v). List the prime factors of j(-14).
2, 3
Let y be (1 - 0)/((-2)/12). Let u = y + 4. Let q(f) = -2*f. What are the prime factors of q(u)?
2
Let w be 2 - 2 - (-8 + -4). Let y(n) = -w - n + n**2 + 25 - 9. List the prime factors of y(-7).
2, 3, 5
Let p(w) = 2*w - 26. Let j be p(14). What are the prime factors of j*(1010/4)/5?
101
Let k(t) = 3*t**2 - 3*t - 4. Let r(q) = 2*q**3 + 2. Let h be r(2). Let b = 22 - h. What are the prime factors of k(b)?
2
Let c(u) = 2*u**2 - 17*u - 8. What are the prime factors of c(-7)?
11, 19
Let f(m) = 2*m**2 - m - 7. Let p(v) = -3*v + 19. Let k be p(8). List the prime factors of f(k).
2, 3
Suppose -3*i + 8521 = x, 0 = -4*i + x + 6753 + 4613. List the prime factors of i.
3, 947
Suppose 2*m + 108 = 32. Let a = 119 + m. Suppose 0*w - 3*w + a = 0. List the prime factors of w.
3
Let v = -368 + 599. Suppose i - c = 4*i - v, 5*i + 3*c - 385 = 0. What are the prime factors of i?
7, 11
Let l = -1092 - -1848. What are the prime factors of l?
2, 3, 7
What are the prime factors of 98064/66 + 32/176?
2, 743
Suppose -2 = -4*o + 2. Let s(d) = d**2 + 7*d - 6. Let m be s(-7). List the prime factors of m*4/(-3)*o.
2
Let k = -686 + 1163. List the prime factors of k.
3, 53
Suppose -z = 1, -2*n - 55 = -4*n - z. Suppose 10*w + n = 12*w. Suppose w = a - 7. What are the prime factors of a?
3, 7
Suppose -3*j + 507 = -v, -6 = -v - v. Suppose -6*p + 310 = -j. What are the prime factors of p?
2, 5
Suppose -4*w + 12 = 4*q + 4, 2*q - w - 16 = 0. Suppose 0 = -q*k + 442 + 32. What are the prime factors of k?
79
Let n = 55 - 63. Let l(r) = -8*r - 10. List the prime factors of l(n).
2, 3
Suppose 4*w - 28*w + 3624 = 0. List the prime factors of w.
151
Let q = -15 - -24. Suppose 0 = -2*v + q + 1. Suppose -4*i = -5*a + 36, v*i = a - 4 + 1. What are the prime factors of a?
2
Let i be (-3)/(-1) - (6 - 17). Let q = i - 11. Suppose -q*f - 4*k + 24 + 95 = 0, -k = -5*f + 160. What are the prime factors of f?
3, 11
Let q = 212 + -81. Let y = -73 + q. What are the prime factors of y?
2, 29
Suppose -65 = w - 6*w. Suppose w = -5*a - 7, 0 = u - a - 4. What are the prime factors of 2/(u + 2/16)?
2
Suppose 3*k - 42 = 2*m, 4 = 3*m + 13. Suppose k*u = -2*u + 1484. List the prime factors of u.
2, 53
Suppose -2*q = 5*y + 21, 16 + 2 = 4*q - 2*y. What are the prime factors of -130*q*(-4)/16?
5, 13
Let b(y) = y**3 + 7*y**2 - 3*y - 17. Let a be b(-7). Suppose -a*w + 87 = 3*h, 2*w + 29 = h + 5*w. List the prime factors of h.
29
Let r(j) = 7*j**3 - j + 2. Suppose 9 = -y + 10. List the prime factors of r(y).
2
Suppose 0 = -5*m + 4*m - 3*q + 2339, -5*q + 11745 = 5*m. What are the prime factors